{"id":95,"date":"2025-05-25T22:21:42","date_gmt":"2025-05-25T20:21:42","guid":{"rendered":"https:\/\/barbarka.appworksdev.pl\/?page_id=95"},"modified":"2025-05-25T23:52:59","modified_gmt":"2025-05-25T21:52:59","slug":"historia-szkoly","status":"publish","type":"page","link":"https:\/\/barbarka.appworksdev.pl\/index.php\/historia-szkoly\/","title":{"rendered":"Historia Szko\u0142y"},"content":{"rendered":"<p>[et_pb_section fb_built=&#8221;1&#8243; theme_builder_area=&#8221;post_content&#8221; _builder_version=&#8221;4.27.4&#8243; _module_preset=&#8221;default&#8221;][et_pb_row _builder_version=&#8221;4.27.4&#8243; _module_preset=&#8221;default&#8221; theme_builder_area=&#8221;post_content&#8221; hover_enabled=&#8221;0&#8243; sticky_enabled=&#8221;0&#8243;][et_pb_column _builder_version=&#8221;4.27.4&#8243; _module_preset=&#8221;default&#8221; type=&#8221;4_4&#8243; theme_builder_area=&#8221;post_content&#8221;][et_pb_heading title=&#8221;Szko\u0142a Le\u015bna na Barbarce&#8221; _builder_version=&#8221;4.27.4&#8243; _module_preset=&#8221;default&#8221; theme_builder_area=&#8221;post_content&#8221; hover_enabled=&#8221;0&#8243; sticky_enabled=&#8221;0&#8243;][\/et_pb_heading][\/et_pb_column][\/et_pb_row][et_pb_row _builder_version=&#8221;4.27.4&#8243; _module_preset=&#8221;default&#8221; theme_builder_area=&#8221;post_content&#8221; column_structure=&#8221;2_3,1_3&#8243;][et_pb_column _builder_version=&#8221;4.27.4&#8243; _module_preset=&#8221;default&#8221; type=&#8221;2_3&#8243; theme_builder_area=&#8221;post_content&#8221;][et_pb_text _builder_version=&#8221;4.27.4&#8243; _module_preset=&#8221;default&#8221; theme_builder_area=&#8221;post_content&#8221; hover_enabled=&#8221;0&#8243; sticky_enabled=&#8221;0&#8243;]W\u0142a\u015bcicielem Osady Le\u015bnej na Barbarce jest Gmina Miasta Toru\u0144.<\/p>\n<p>Szko\u0142a Le\u015bna na Barbarce powsta\u0142a na pocz\u0105tku stycznia 2004 roku na mocy umowy zawartej pomi\u0119dzy Stowarzyszeniem \u201eTilia\u201d a Prezydentem Miasta Torunia. Zadanie prowadzenia Szko\u0142y Le\u015bnej na Barbarce zosta\u0142o powierzone Stowarzyszeniu w drodze konkursu.<\/p>\n<p>Stowarzyszenie \u201eTilia\u201d na podstawie odr\u0119bnej umowy dzier\u017cawi tereny od Gminy Toru\u0144 o powierzchni 3,8 ha, kt\u00f3re okre\u015blane s\u0105 mianem Osady Le\u015bnej Barbarka. Zgodnie z t\u0105 umow\u0105 Stowarzyszenie korzysta z terenu i budynk\u00f3w znajduj\u0105cych si\u0119 w Osadzie, ale Gmina Miasta Toru\u0144 nie finansuje jej utrzymania oraz koszt\u00f3w remontu i renowacji element\u00f3w Osady.<\/p>\n<p>Szko\u0142a Le\u015bna na Barbarce utworzona zosta\u0142a w 2004 roku. Prowadzenie plac\u00f3wki Prezydent Miasta Torunia powierzy\u0142 Stowarzyszeniu \u201eTilia\u201d. W\u00f3wczas teren Osady by\u0142 zaniedbany, a istniej\u0105ce budynki zamieszkiwa\u0142o 8 rodzin. Od samego pocz\u0105tku Stowarzyszenie prowadzi\u0142o zaj\u0119cia przyrodniczo \u2013 ekologiczne. Najwcze\u015bniej zaadaptowano budynek Le\u015bnicz\u00f3wki, w kt\u00f3rej powsta\u0142a ma\u0142a sala dydaktyczna. W latach 2006-2009 Gmina Miasta Toru\u0144 przeprowadzi\u0142a kolejne remonty czterech budynk\u00f3w.<\/p>\n<p>G\u0142\u00f3wnym celem Szko\u0142y Le\u015bnej na Barbarce jest edukacja ekologiczna, uwra\u017cliwianie na pi\u0119kno natury oraz kszta\u0142towanie szacunku dla przyrody zw\u0142aszcza u dzieci i m\u0142odzie\u017cy.[\/et_pb_text][\/et_pb_column][et_pb_column _builder_version=&#8221;4.27.4&#8243; _module_preset=&#8221;default&#8221; type=&#8221;1_3&#8243; theme_builder_area=&#8221;post_content&#8221;][dsm_perspective_image src=&#8221;http:\/\/barbarka.appworksdev.pl\/wp-content\/uploads\/2025\/05\/csm_lesniczowka2_69e09f9710.jpg&#8221; _builder_version=&#8221;4.27.4&#8243; _module_preset=&#8221;default&#8221; theme_builder_area=&#8221;post_content&#8221; title_text=&#8221;csm_lesniczowka2_69e09f9710&#8243; hover_enabled=&#8221;0&#8243; sticky_enabled=&#8221;0&#8243;][\/dsm_perspective_image][dsm_perspective_image src=&#8221;http:\/\/barbarka.appworksdev.pl\/wp-content\/uploads\/2025\/05\/csm_glowna1_7008141a1a.jpg&#8221; _builder_version=&#8221;4.27.4&#8243; _module_preset=&#8221;default&#8221; theme_builder_area=&#8221;post_content&#8221; title_text=&#8221;csm_glowna1_7008141a1a&#8221; hover_enabled=&#8221;0&#8243; sticky_enabled=&#8221;0&#8243;][\/dsm_perspective_image][dsm_perspective_image src=&#8221;http:\/\/barbarka.appworksdev.pl\/wp-content\/uploads\/2025\/05\/csm_zajecia1_80c4e828fa.jpg&#8221; _builder_version=&#8221;4.27.4&#8243; _module_preset=&#8221;default&#8221; theme_builder_area=&#8221;post_content&#8221; title_text=&#8221;csm_zajecia1_80c4e828fa&#8221; hover_enabled=&#8221;0&#8243; sticky_enabled=&#8221;0&#8243;][\/dsm_perspective_image][\/et_pb_column][\/et_pb_row][et_pb_row _builder_version=&#8221;4.27.4&#8243; _module_preset=&#8221;default&#8221; theme_builder_area=&#8221;post_content&#8221; custom_padding=&#8221;1px|||||&#8221;][et_pb_column _builder_version=&#8221;4.27.4&#8243; _module_preset=&#8221;default&#8221; type=&#8221;4_4&#8243; theme_builder_area=&#8221;post_content&#8221;][et_pb_text _builder_version=&#8221;4.27.4&#8243; _module_preset=&#8221;default&#8221; theme_builder_area=&#8221;post_content&#8221; hover_enabled=&#8221;0&#8243; sticky_enabled=&#8221;0&#8243; custom_margin=&#8221;1px|||||&#8221;]<\/p>\n<p>Teren Osady Le\u015bnej na Barbarce jest w\u0142asno\u015bci\u0105 Gminy Miasta Toru\u0144 (Stowarzyszenie \u201eTilia\u201d dzier\u017cawi obszar o powierzchni 3,8307 ha wraz z budynkami). Szko\u0142a Le\u015bna na Barbarce stanowi centrum szeroko rozumianej edukacji ekologiczno &#8211; przyrodniczej, ale te\u017c kulturalnej i historycznej. Barbarka jest miejscem otwartym &#8211; ma s\u0142u\u017cy\u0107 mieszka\u0144com Torunia.<\/p>\n<p>Stowarzyszenie \u201eTilia\u201d prowadzi dzia\u0142alno\u015b\u0107 w duchu non &#8211; profit oraz dba o teren Osady Le\u015bnej na Barbarce.<\/p>\n<p>Przekazuj\u0105c 1% podatku Stowarzyszeniu \u201eTilia\u201d wspierasz dzia\u0142alno\u015b\u0107 Szko\u0142y Le\u015bnej na Barbarce.<\/p>\n<p><strong>Odbiorcy:<br \/><\/strong>Dzieci i m\u0142odzie\u017c, nauczyciele, szko\u0142y i przedszkola, organizacje pozarz\u0105dowe, osoby starsze \u201eseniorzy\u201d, osoby indywidualne (tury\u015bci, mieszka\u0144cy regionu), osoby prywatne, wolontariusze<br \/>Program Szko\u0142y Le\u015bnej realizowany jest poprzez:<\/p>\n<ul>\n<li>organizowanie i prowadzenie zaj\u0119\u0107\/ warsztat\u00f3w przyrodniczo &#8211; ekologicznych, historycznych, artystycznych dla dzieci i m\u0142odzie\u017cy<\/li>\n<li>organizacj\u0119 zielonych szk\u00f3\u0142, pobyt\u00f3w 2 &#8211; 3 dniowych z noclegami<\/li>\n<li>organizowanie tematycznych spotka\u0144, piknik\u00f3w oraz otwartych imprez okoliczno\u015bciowych i rekreacyjnych<\/li>\n<li>organizacj\u0119 \u015bcie\u017cek edukacyjnych, gier terenowych<\/li>\n<li>konkursy tematyczne<\/li>\n<li>akcje edukacyjne<\/li>\n<li>festiwale ekologiczne<\/li>\n<li>szkolenia, warsztaty dla nauczycieli<\/li>\n<li>plenery artystyczne<\/li>\n<li>kampanie promocyjno \u2013 informacyjne<\/li>\n<\/ul>\n<p><strong>Szko\u0142a Le\u015bna na Barbarce w liczbach:<\/strong><br \/>dzia\u0142alno\u015b\u0107 i program realizowany jest w spos\u00f3b ci\u0105g\u0142y, przez 365 dni w roku<br \/>na Barbarce pracuje \u015brednio 25 pracownik\u00f3w, w tym 7 os\u00f3b niepe\u0142nosprawnych<br \/>co roku z zaj\u0119\u0107\/ warsztat\u00f3w korzysta oko\u0142o 10 000 os\u00f3b<br \/>Osad\u0119 Le\u015bn\u0105 na Barbarce odwiedza oko\u0142o 30 000 os\u00f3b rocznie<\/p>\n<p><em>Ze wzgl\u0119du na r\u00f3\u017cne programy i za\u0142o\u017cenia projekt\u00f3w realizowanych przez Stowarzyszenie &#8222;Tilia&#8221; oferta odp\u0142atna i nieodp\u0142atna Barbarki oraz oferta tematyczna zaj\u0119\u0107 edukacyjnych Szko\u0142y Le\u015bnej na Barbarce mo\u017ce ulega\u0107 zmianie.<\/em><\/p>\n<p>[\/et_pb_text][\/et_pb_column][\/et_pb_row][\/et_pb_section]<\/p>\n","protected":false},"excerpt":{"rendered":"<p>W\u0142a\u015bcicielem Osady Le\u015bnej na Barbarce jest Gmina Miasta Toru\u0144. Szko\u0142a Le\u015bna na Barbarce powsta\u0142a na pocz\u0105tku stycznia 2004 roku na mocy umowy zawartej pomi\u0119dzy Stowarzyszeniem \u201eTilia\u201d a Prezydentem Miasta Torunia. Zadanie prowadzenia Szko\u0142y Le\u015bnej na Barbarce zosta\u0142o powierzone Stowarzyszeniu w drodze konkursu. Stowarzyszenie \u201eTilia\u201d na podstawie odr\u0119bnej umowy dzier\u017cawi tereny od Gminy Toru\u0144 o powierzchni 3,8 ha, kt\u00f3re okre\u015blane s\u0105 mianem Osady Le\u015bnej Barbarka. Zgodnie z t\u0105 umow\u0105 Stowarzyszenie korzysta z terenu i budynk\u00f3w znajduj\u0105cych si\u0119 w Osadzie, ale Gmina Miasta Toru\u0144 nie finansuje jej utrzymania oraz koszt\u00f3w remontu i renowacji element\u00f3w Osady. Szko\u0142a Le\u015bna na Barbarce utworzona zosta\u0142a w 2004 roku. Prowadzenie plac\u00f3wki Prezydent Miasta Torunia powierzy\u0142 Stowarzyszeniu \u201eTilia\u201d. W\u00f3wczas teren Osady by\u0142 zaniedbany, a istniej\u0105ce budynki zamieszkiwa\u0142o 8 rodzin. Od samego pocz\u0105tku Stowarzyszenie prowadzi\u0142o zaj\u0119cia przyrodniczo \u2013 ekologiczne. Najwcze\u015bniej zaadaptowano budynek Le\u015bnicz\u00f3wki, w kt\u00f3rej powsta\u0142a ma\u0142a sala dydaktyczna. W latach 2006-2009 Gmina Miasta Toru\u0144 przeprowadzi\u0142a kolejne remonty czterech budynk\u00f3w. G\u0142\u00f3wnym celem Szko\u0142y Le\u015bnej na Barbarce jest edukacja ekologiczna, uwra\u017cliwianie na pi\u0119kno natury oraz kszta\u0142towanie szacunku dla przyrody zw\u0142aszcza u dzieci i m\u0142odzie\u017cy.<div class=\"et_pb_module dsm_perspective_image dsm_perspective_image_0\">\n\t\t\t\t\n\t\t\t\t\n\t\t\t\t\n\t\t\t\t\n\t\t\t\t\n\t\t\t\t\n\t\t\t\t<div class=\"et_pb_module_inner\">\n\t\t\t\t\t<div class=\"dsm-perspective-image-wrapper et_always_center_on_mobile\">\n\t\t\t\t\n\t\t\t\t\n\t\t\t\t<span class=\"et_pb_image_wrap \"><img decoding=\"async\" src=\"http:\/\/barbarka.appworksdev.pl\/wp-content\/uploads\/2025\/05\/csm_lesniczowka2_69e09f9710.jpg\" alt=\"\" title=\"csm_lesniczowka2_69e09f9710\" \/><\/span>\n\t\t\t<\/div>\n\t\t\t\t<\/div>\n\t\t\t<\/div><div class=\"et_pb_module dsm_perspective_image dsm_perspective_image_1\">\n\t\t\t\t\n\t\t\t\t\n\t\t\t\t\n\t\t\t\t\n\t\t\t\t\n\t\t\t\t\n\t\t\t\t<div class=\"et_pb_module_inner\">\n\t\t\t\t\t<div class=\"dsm-perspective-image-wrapper et_always_center_on_mobile\">\n\t\t\t\t\n\t\t\t\t\n\t\t\t\t<span class=\"et_pb_image_wrap \"><img decoding=\"async\" src=\"http:\/\/barbarka.appworksdev.pl\/wp-content\/uploads\/2025\/05\/csm_glowna1_7008141a1a.jpg\" alt=\"\" title=\"csm_glowna1_7008141a1a\" \/><\/span>\n\t\t\t<\/div>\n\t\t\t\t<\/div>\n\t\t\t<\/div><div class=\"et_pb_module dsm_perspective_image dsm_perspective_image_2\">\n\t\t\t\t\n\t\t\t\t\n\t\t\t\t\n\t\t\t\t\n\t\t\t\t\n\t\t\t\t\n\t\t\t\t<div class=\"et_pb_module_inner\">\n\t\t\t\t\t<div class=\"dsm-perspective-image-wrapper et_always_center_on_mobile\">\n\t\t\t\t\n\t\t\t\t\n\t\t\t\t<span class=\"et_pb_image_wrap \"><img decoding=\"async\" src=\"http:\/\/barbarka.appworksdev.pl\/wp-content\/uploads\/2025\/05\/csm_zajecia1_80c4e828fa.jpg\" alt=\"\" title=\"csm_zajecia1_80c4e828fa\" \/><\/span>\n\t\t\t<\/div>\n\t\t\t\t<\/div>\n\t\t\t<\/div>Teren Osady Le\u015bnej na Barbarce jest [&hellip;]<\/p>\n","protected":false},"author":1,"featured_media":0,"parent":0,"menu_order":0,"comment_status":"closed","ping_status":"closed","template":"","meta":{"_et_pb_use_builder":"on","_et_pb_old_content":"<!-- wp:divi\/placeholder \/-->","_et_gb_content_width":"","inline_featured_image":false,"footnotes":""},"class_list":["post-95","page","type-page","status-publish","hentry"],"_links":{"self":[{"href":"https:\/\/barbarka.appworksdev.pl\/index.php\/wp-json\/wp\/v2\/pages\/95","targetHints":{"allow":["GET"]}}],"collection":[{"href":"https:\/\/barbarka.appworksdev.pl\/index.php\/wp-json\/wp\/v2\/pages"}],"about":[{"href":"https:\/\/barbarka.appworksdev.pl\/index.php\/wp-json\/wp\/v2\/types\/page"}],"author":[{"embeddable":true,"href":"https:\/\/barbarka.appworksdev.pl\/index.php\/wp-json\/wp\/v2\/users\/1"}],"replies":[{"embeddable":true,"href":"https:\/\/barbarka.appworksdev.pl\/index.php\/wp-json\/wp\/v2\/comments?post=95"}],"version-history":[{"count":4,"href":"https:\/\/barbarka.appworksdev.pl\/index.php\/wp-json\/wp\/v2\/pages\/95\/revisions"}],"predecessor-version":[{"id":215,"href":"https:\/\/barbarka.appworksdev.pl\/index.php\/wp-json\/wp\/v2\/pages\/95\/revisions\/215"}],"wp:attachment":[{"href":"https:\/\/barbarka.appworksdev.pl\/index.php\/wp-json\/wp\/v2\/media?parent=95"}],"curies":[{"name":"wp","href":"https:\/\/api.w.org\/{rel}","templated":true}]}}